lculate the remainder when 348 is divided by 10.
8
Calculate the remainder when 9210 is divided by 151.
150
What is the remainder when 88 is divided by 13?
10
What is the remainder when 143 is divided by 47?
2
What is the remainder when 13634 is divided by 14?
12
Calculate the remainder when 121 is divided by 31.
28
Calculate the remainder when 319 is divided by 64.
63
Calculate the remainder when 2620 is divided by 138.
136
What is the remainder when 504 is divided by 5?
4
Calculate the remainder when 223 is divided by 59.
46
Calculate the remainder when 208 is divided by 178.
30
Calculate the remainder when 570 is divided by 11.
9
Calculate the remainder when 47 is divided by 16.
15
Calculate the remainder when 82 is divided by 11.
5
What is the remainder when 610 is divided by 73?
26
What is the remainder when 8654 is divided by 18?
14
What is the remainder when 214 is divided by 36?
34
Calculate the remainder when 79 is divided by 24.
7
What is the remainder when 474 is divided by 87?
39
Calculate the remainder when 107 is divided by 10.
7
Calculate the remainder when 719 is divided by 90.
89
What is the remainder when 1183 is divided by 70?
63
Calculate the remainder when 22 is divided by 11.
0
What is the remainder when 2753 is divided by 17?
16
What is the remainder when 544 is divided by 539?
5
What is the remainder when 392 is divided by 98?
0
What is the remainder when 721 is divided by 41?
24
Calculate the remainder when 101 is divided by 13.
10
What is the remainder when 53 is divided by 39?
14
Calculate the remainder when 1005 is divided by 71.
11
Calculate the remainder when 2106 is divided by 700.
6
Calculate the remainder when 46 is divided by 6.
4
Calculate the remainder when 428 is divided by 157.
114
Calculate the remainder when 129 is divided by 64.
1
Calculate the remainder when 1727 is divided by 572.
11
What is the remainder when 348 is divided by 35?
33
What is the remainder when 148 is divided by 55?
38
What is the remainder when 2130 is divided by 35?
30
What is the remainder when 61 is divided by 33?
28
Calculate the remainder when 48 is divided by 16.
0
Calculate the remainder when 112 is divided by 111.
1
Calculate the remainder when 130 is divided by 56.
18
Calculate the remainder when 223 is divided by 47.
35
Calculate the remainder when 147 is divided by 28.
7
What is the remainder when 772 is divided by 30?
22
What is the remainder when 60 is divided by 17?
9
Calculate the remainder when 3329 is divided by 10.
9
What is the remainder when 57 is divided by 19?
0
Calculate the remainder when 18 is divided by 9.
0
What is the remainder when 3635 is divided by 165?
5
What is the remainder when 15549 is divided by 5179?
12
Calculate the remainder when 1468 is divided by 14.
12
What is the remainder when 276 is divided by 89?
9
What is the remainder when 81 is divided by 30?
21
Calculate the remainder when 127 is divided by 33.
28
Calculate the remainder when 79 is divided by 27.
25
Calculate the remainder when 245 is divided by 100.
45
What is the remainder when 185 is divided by 38?
33
What is the remainder when 652 is divided by 96?
76
Calculate the remainder when 310 is divided by 23.
11
Calculate the remainder when 91 is divided by 18.
1
Calculate the remainder when 326 is divided by 305.
21
What is the remainder when 5398 is divided by 284?
2
Calculate the remainder when 139 is divided by 31.
15
What is the remainder when 54 is divided by 30?
24
What is the remainder when 1169 is divided by 5?
4
Calculate the remainder when 255 is divided by 43.
40
What is the remainder when 376 is divided by 128?
120
Calculate the remainder when 57534 is divided by 311.
310
What is the remainder when 125 is divided by 26?
21
Calculate the remainder when 352 is divided by 42.
16
Calculate the remainder when 74 is divided by 27.
20
What is the remainder when 8816 is divided by 147?
143
What is the remainder when 1135 is divided by 38?
33
What is the remainder when 2489 is divided by 119?
109
What is the remainder when 1147 is divided by 22?
3
What is the remainder when 134 is divided by 5?
4
What is the remainder when 405 is divided by 37?
35
Calculate the remainder when 539 is divided by 261.
17
Calculate the remainder when 231 is divided by 40.
31
What is the remainder when 932 is divided by 33?
8
What is the remainder when 1937 is divided by 179?
147
What is the remainder when 208 is divided by 66?
10
What is the remainder when 178 is divided by 54?
16
What is the remainder when 874 is divided by 85?
24
What is the remainder when 172 is divided by 29?
27
Calculate the remainder when 41218 is divided by 180.
178
What is the remainder when 1331 is divided by 18?
17
What is the remainder when 149 is divided by 76?
73
What is the remainder when 98 is divided by 75?
23
Calculate the remainder when 82 is divided by 18.
10
What is the remainder when 67 is divided by 35?
32
Calculate the remainder when 2210 is divided by 119.
68
Calculate the remainder when 1500 is divided by 497.
9
Calculate the remainder when 94 is divided by 14.
10
What is the remainder when 39 is divided by 19?
1
Calculate the remainder when 9792 is divided by 118.
116
Calculate the remainder when 3221 is divided by 24.
5
Calculate the remainder when 1817 is divided by 101.
100
What is the remainder when 740 is divided by 122?
8
Calculate the remainder when 99 is divided by 17.
14
Calculate the remainder when 1426 is divided by 34.
32
What is the remainder when 29 is divided by 5?
4
Calculate the remainder when 98 is divided by 52.
46
What is the remainder when 90 is divided by 50?
40
What is the remainder when 260 is divided by 123?
14
Calculate the remainder when 339 is divided by 47.
10
What is the remainder when 10 is divided by 5?
0
What is the remainder when 478 is divided by 15?
13
What is the remainder when 583 is divided by 117?
115
Calculate the remainder when 2251 is divided by 24.
19
Calculate the remainder when 292 is divided by 37.
33
Calculate the remainder when 55 is divided by 31.
24
Calculate the remainder when 1178 is divided by 316.
230
Calculate the remainder when 86 is divided by 11.
9
What is the remainder when 1707 is divided by 6?
3
What is the remainder when 282 is divided by 43?
24
Calculate the remainder when 197 is divided by 20.
17
What is the remainder when 11698 is divided by 6?
4
What is the remainder when 453 is divided by 89?
8
Calculate the remainder when 108 is divided by 32.
12
Calculate the remainder when 763 is divided by 45.
43
Calculate the remainder when 256 is divided by 251.
5
What is the remainder when 18 is divided by 12?
6
Calculate the remainder when 112 is divided by 19.
17
Calculate the remainder when 882 is divided by 170.
32
Calculate the remainder when 56 is divided by 45.
11
Calculate the remainder when 2199 is divided by 100.
99
Calculate the remainder when 98 is divided by 25.
23
Calculate the remainder when 364 is divided by 24.
4
What is the remainder when 663 is divided by 221?
0
Calculate the remainder when 21 is divided by 3.
0
What is the remainder when 97 is divided by 18?
7
What is the remainder when 775 is divided by 209?
148
Calculate the remainder when 10077 is divided by 129.
15
What is the remainder when 51 is divided by 22?
7
Calculate the remainder when 401 is divided by 10.
1
Calculate the remainder when 428 is divided by 39.
38
What is the remainder when 718 is divided by 24?
22
Calculate the remainder when 2016 is divided by 20.
16
Calculate the remainder when 351 is divided by 68.
11
Calculate the remainder when 1319 is divided by 88.
87
What is the remainder when 2067 is divided by 19?
15
What is the remainder when 939 is divided by 59?
54
Calculate the remainder when 593 is divided by 99.
98
What is the remainder when 3040 is divided by 146?
120
What is the remainder when 509 is divided by 7?
5
Calculate the remainder when 70 is divided by 44.
26
Calculate the remainder when 136 is divided by 28.
24
What is the remainder when 58 is divided by 23?
12
Calculate the remainder when 951 is divided by 21.
6
Calculate the remainder when 3885 is divided by 24.
21
Calculate the remainder when 262 is divided by 10.
2
What is the remainder when 252 is divided by 57?
24
Calculate the remainder